{"id":7,"date":"2026-05-08T00:03:01","date_gmt":"2026-05-07T22:03:01","guid":{"rendered":"https:\/\/www.cuscotic.com\/beta\/interpressperu\/?page_id=7"},"modified":"2026-05-08T01:38:40","modified_gmt":"2026-05-07T23:38:40","slug":"inicio","status":"publish","type":"page","link":"https:\/\/www.cuscotic.com\/beta\/interpressperu\/","title":{"rendered":"Home"},"content":{"rendered":"\n<div class=\"wp-block-cover alignfull is-light\" style=\"min-height:720px\"><span aria-hidden=\"true\" class=\"wp-block-cover__background has-background-dim-100 has-background-dim has-background-gradient\" style=\"background:linear-gradient(35deg,rgb(6,0,151) 0%,rgb(130,4,255) 73%,rgb(193,15,255) 100%)\"><\/span><div class=\"wp-block-cover__inner-container is-layout-flow wp-block-cover-is-layout-flow\">\n<div class=\"inherit-container-width wp-block-group alignwide is-layout-constrained wp-block-group-is-layout-constrained\">\n<div class=\"wp-block-media-text has-media-on-the-right is-stacked-on-mobile is-vertically-aligned-center alignwide\" style=\"grid-template-columns:auto 43%\"><div class=\"wp-block-media-text__content\">\n<h1 class=\"wp-block-heading has-text-align-left has-white-color has-text-color\">Traducci\u00f3n simult\u00e1nea en Lima y Per\u00fa<\/h1>\n\n\n\n<p><strong>Empresa de servicio de traducci\u00f3n simult\u00e1nea en Lima:<\/strong><\/p>\n\n\n\n<p class=\"has-white-color has-text-color\"><\/p>\n\n\n\n<p class=\"has-white-color has-text-color\">Excelencia, innovaci\u00f3n y compromis es nuestra pol\u00edtica en todo servicio de traducci\u00f3n simult\u00e1nea en Lima y provincias del Per\u00fa. Cabinas para traductores, equipos port\u00e1tiles para traducci\u00f3n y mucho m\u00e1s.<br><\/p>\n\n\n\n<div class=\"wp-block-buttons is-layout-flex wp-block-buttons-is-layout-flex\">\n<div class=\"wp-block-button\"><a class=\"wp-block-button__link wp-element-button\" href=\"#\">Contacto<\/a><\/div>\n<\/div>\n<\/div><figure class=\"wp-block-media-text__media\"><img decoding=\"async\" src=\"https:\/\/www.cuscotic.com\/beta\/interpressperu\/wp-content\/themes\/astra\/inc\/assets\/images\/starter-content\/hero-img.svg\" alt=\"\" class=\"wp-image-118 size-full\"\/><\/figure><\/div>\n<\/div>\n<\/div><\/div>\n\n\n\n<div class=\"wp-block-group alignfull has-ast-global-color-5-background-color has-background is-layout-constrained wp-container-core-group-layout-2 wp-block-group-is-layout-constrained\" style=\"padding-bottom:0px\">\n<h2 class=\"wp-block-heading screen-reader-text\">What We Offer<\/h2>\n\n\n\n<div class=\"wp-block-columns are-vertically-aligned-top is-layout-flex wp-container-core-columns-layout-1 wp-block-columns-is-layout-flex\">\n<div class=\"wp-block-column is-vertically-aligned-top is-layout-flow wp-container-core-column-layout-1 wp-block-column-is-layout-flow\">\n<figure class=\"wp-block-image size-large\"><img src=\"https:\/\/www.cuscotic.com\/beta\/interpressperu\/wp-content\/themes\/astra\/inc\/assets\/images\/starter-content\/building.svg\" alt=\"\" class=\"wp-image-134\" width=\"48\" height=\"48\" loading=\"lazy\" decoding=\"async\"\/><\/figure>\n\n\n\n<h3 class=\"wp-block-heading has-text-align-left\" style=\"margin-top:16px\">Negocio formal<\/h3>\n\n\n\n<p class=\"has-text-align-left\">Personal calificado y certificado.<\/p>\n<\/div>\n\n\n\n<div class=\"wp-block-column is-vertically-aligned-top is-layout-flow wp-container-core-column-layout-2 wp-block-column-is-layout-flow\">\n<figure class=\"wp-block-image size-large\"><img src=\"https:\/\/www.cuscotic.com\/beta\/interpressperu\/wp-content\/themes\/astra\/inc\/assets\/images\/starter-content\/shopping-bag.svg\" alt=\"\" class=\"wp-image-135\" width=\"48\" height=\"48\" loading=\"lazy\" decoding=\"async\"\/><\/figure>\n\n\n\n<h3 class=\"wp-block-heading has-text-align-left\" style=\"margin-top:16px\">Estamos online<\/h3>\n\n\n\n<p class=\"has-text-align-left\">Cotizaciones a medida en l\u00ednea.<\/p>\n<\/div>\n\n\n\n<div class=\"wp-block-column is-vertically-aligned-top is-layout-flow wp-container-core-column-layout-3 wp-block-column-is-layout-flow\">\n<figure class=\"wp-block-image size-large\"><img src=\"https:\/\/www.cuscotic.com\/beta\/interpressperu\/wp-content\/themes\/astra\/inc\/assets\/images\/starter-content\/blog.svg\" alt=\"\" class=\"wp-image-136\" width=\"48\" height=\"48\" loading=\"lazy\" decoding=\"async\"\/><\/figure>\n\n\n\n<h3 class=\"wp-block-heading has-text-align-left\" style=\"margin-top:16px\">Eficiencia<\/h3>\n\n\n\n<p class=\"has-text-align-left\">Trabajo certificado por nuestros clientes.<\/p>\n<\/div>\n\n\n\n<div class=\"wp-block-column is-vertically-aligned-top is-layout-flow wp-container-core-column-layout-4 wp-block-column-is-layout-flow\">\n<figure class=\"wp-block-image size-large\"><img src=\"https:\/\/www.cuscotic.com\/beta\/interpressperu\/wp-content\/themes\/astra\/inc\/assets\/images\/starter-content\/portfolio.svg\" alt=\"\" class=\"wp-image-137\" width=\"48\" height=\"48\" loading=\"lazy\" decoding=\"async\"\/><\/figure>\n\n\n\n<h3 class=\"wp-block-heading has-text-align-left\" style=\"margin-top:16px\">Portafolio<\/h3>\n\n\n\n<p class=\"has-text-align-left\">Cientos de clientes satisfechos.<\/p>\n<\/div>\n<\/div>\n<\/div>\n\n\n\n<div class=\"wp-block-group alignfull is-layout-constrained wp-container-core-group-layout-3 wp-block-group-is-layout-constrained\" id=\"services\" style=\"padding-top:144px;padding-bottom:0px\">\n<h2 class=\"wp-block-heading\">Qui\u00e9nes somos:<\/h2>\n\n\n\n<p>En <strong>Per\u00fa Interpres<\/strong>, somos una empresa comprometida en brindar soluciones de traducci\u00f3n e interpretaci\u00f3n de alta calidad, posicion\u00e1ndonos como un aliado estrat\u00e9gico para superar las barreras ling\u00fc\u00edsticas.<\/p>\n\n\n\n<p>Con a\u00f1os de experiencia en el mercado, nos especializamos en ofrecer traducci\u00f3n simult\u00e1nea e int\u00e9rpretes profesionales en diversos idiomas, atendiendo necesidades en Lima y las principales provincias del Per\u00fa. Desde peque\u00f1as reuniones corporativas hasta eventos internacionales de gran magnitud, nuestro equipo est\u00e1 preparado para facilitar la comunicaci\u00f3n fluida entre diferentes idiomas y contextos.<\/p>\n\n\n\n<p>Nuestro equipo<\/p>\n\n\n\n<p>Contamos con un grupo altamente capacitado de int\u00e9rpretes y traductores, seleccionados cuidadosamente por su experiencia y conocimiento cultural, garantizando un servicio que no solo es ling\u00fc\u00edsticamente preciso, sino tambi\u00e9n culturalmente adecuado. EnPer\u00fa Interpres creemos que una buena traducci\u00f3n va m\u00e1s all\u00e1 de las palabras: Se trata de capturar matices y transmitir ideas con claridad y profesionalismo. Somos profesionales en traducci\u00f3n e interpretaci\u00f3n simult\u00e1nea en todo Lima y provincias.<\/p>\n\n\n\n<h2 class=\"wp-block-heading\">Misi\u00f3n<\/h2>\n\n\n\n<p>En nuestro servicio de traducci\u00f3n simult\u00e1nea en Lima y todo Per\u00fa, nuestra misi\u00f3n es facilitar la comunicaci\u00f3n efectiva y precisa entre personas de diferentes idiomas y culturas, garantizando as\u00ed el \u00e9xito de eventos, conferencias y reuniones internacionales. Nos comprometemos a ofrecer soluciones ling\u00fc\u00edsticas&nbsp; y traducciones simult\u00e1nea, consecutiva y de enlace de alta calidad, con profesionales capacitados y tecnolog\u00eda avanzada, para asegurar que cada mensaje sea transmitido con claridad y fidelidad. Buscamos apoyar el desarrollo de relaciones&nbsp; de diversas culturas y comercios, contribuyendo al crecimiento e integraci\u00f3n global en el pa\u00eds. Somos empresa con experiencia en el servicio de traducci\u00f3n simult\u00e1nea en Lima y provincia ofreciendo el alquiler y servicio de auriculares para traducci\u00f3n simult\u00e1nea en todo Per\u00fa,<\/p>\n\n\n\n<p>Nuestra misi\u00f3n es conectar personas, ideas y culturas a trav\u00e9s de un servicio profesional, eficiente y personalizado. Calidad y experiencia en el servicio de traducci\u00f3n e interpretaci\u00f3n simult\u00e1nea en todo Lima y provincias.<\/p>\n\n\n\n<h2 class=\"wp-block-heading\">Visi\u00f3n<\/h2>\n\n\n\n<p>Consolidarnos como una empresa l\u00edder en servicios de traducci\u00f3n simult\u00e1nea y traductores en Lima y provincias del Per\u00fa, reconocida por nuestra excelencia, innovaci\u00f3n y compromiso con los clientes. Aspiramos a ser un puente confiable entre idiomas y culturas, impulsando la integraci\u00f3n global y contribuyendo al desarrollo empresarial, educativo y social en el Lima y provincias. Contamos con traductores y aud\u00edfonos para traducci\u00f3n, podemos laborar en todo el Per\u00fa.<\/p>\n\n\n\n<h2 class=\"wp-block-heading\">Por qu\u00e9 elegirnos<\/h2>\n\n\n\n<p>1. Calidad garantizada: Nuestros profesionales cuentan con amplia experiencia y certificaciones reconocidas en el \u00e1mbito de la interpretaci\u00f3n y traducci\u00f3n.<\/p>\n\n\n\n<p>2. Tecnolog\u00eda avanzada: Utilizamos equipos modernos y soluciones de \u00faltima generaci\u00f3n en traducci\u00f3n simult\u00e1nea para asegurar una comunicaci\u00f3n clara y sin interrupciones. Alquilamos auriculares &#8211; aud\u00edfonos para traducci\u00f3n en eventos.<\/p>\n\n\n\n<p>3. Flexibilidad y adaptaci\u00f3n: Dise\u00f1amos nuestros servicios a medida para satisfacer los requerimientos \u00fanicos de cada cliente. Servicio de traducci\u00f3n &#8211; interpretaci\u00f3n profesional en todo Lima y provincias.<\/p>\n\n\n\n<p>4.&nbsp; Presencia nacional: Desde Lima hasta las ciudades m\u00e1s remotas del pa\u00eds, estamos donde nos necesites. Si necesita el servicio de traducci\u00f3n en Piura, Tumbes, Huaraz, Chiclayo, Iquitos, Pucallpa, Cusco, Puno y mucho m\u00e1s somos su mejor soluci\u00f3n<\/p>\n\n\n\n<p>En <strong>Per\u00fa Interpres<\/strong>, conectamos palabras y culturas para que usted se concentre en lo m\u00e1s importante: sus ideas y metas. \u00a1Conf\u00ede en nosotros para hacer que tu mensaje trascienda fronteras! Somos empresa con experiencia en el servicio de traducci\u00f3n para eventos y conferencias en Lima y Cusco.<\/p>\n\n\n\n<h2 class=\"wp-block-heading\">Servicios<\/h2>\n\n\n\n<h3 class=\"wp-block-heading\"><strong>Servicio de traducci\u00f3n simult\u00e1nea, equipos, radios y aud\u00edfonos\u00a0 para traducci\u00f3n en eventos y conferencias en Lima, Cusco y Trujilo. Calidad y experiencia en traducci\u00f3n simult\u00e1nea en Lima y provincias.<\/strong><\/h3>\n\n\n\n<p>En Lima y otras regiones del Per\u00fa, el servicio de traducci\u00f3n es indispensable para conferencias internacionales, eventos corporativos y tecnol\u00f3gicos. Nuestros traductores pueden trabajar de manera simult\u00e1nea o consecutiva, garantizando que los participantes comprendan cada detalle sin p\u00e9rdida de informaci\u00f3n. Somos empresa con experiencia en el servicio de traducci\u00f3n simult\u00e1nea en Lima y provincias.<\/p>\n\n\n\n<p>Adem\u00e1s, las empresas que organizan eventos en provincias peruanas deben considerar la log\u00edstica de contar con traductores certificados que puedan adaptarse a diferentes entornos y temas especializados. De esta manera, se asegura una experiencia fluida y profesional para todos los asistentes. A\u00f1os de experiencia nos coloca como una de las empresas l\u00edderes en traducci\u00f3n simult\u00e1nea. Si necesita un traductor, equipos para traducci\u00f3n&nbsp; y desea contar con una empresa en traducci\u00f3n simult\u00e1nea ya sea en Lima, Cusco o Trujillo somos su mejor soluci\u00f3n<\/p>\n\n\n\n<p>Si necesitas un traductor paraeventos o conferencias en cualquier parte del Per\u00fa, nuestra empresa tiene la log\u00edstica necesaria, cuenta con la experiencia comprobada, referencias positivas y capacidad para manejar traducciones t\u00e9cnicas y culturales con precisi\u00f3n.<\/p>\n\n\n\n<div class=\"wp-block-columns is-layout-flex wp-container-core-columns-layout-2 wp-block-columns-is-layout-flex\" style=\"margin-top:50px\">\n<div class=\"wp-block-column is-layout-flow wp-container-core-column-layout-5 wp-block-column-is-layout-flow\">\n<figure class=\"wp-block-image size-full\"><img src=\"https:\/\/www.cuscotic.com\/beta\/interpressperu\/wp-content\/themes\/astra\/inc\/assets\/images\/starter-content\/branding.jpg\" alt=\"\" class=\"wp-image-230\" width=\"480\" height=\"600\" loading=\"lazy\" decoding=\"async\"\/><\/figure>\n\n\n\n<h3 class=\"wp-block-heading\" style=\"margin-top:16px\">Traducci\u00f3n simult\u00e1nea<\/h3>\n\n\n\n<p>Ideal para conferencias, seminarios, eventos acad\u00e9micos y corporativos, donde los participantes necesitan entender en tiempo real.<\/p>\n<\/div>\n\n\n\n<div class=\"wp-block-column is-layout-flow wp-container-core-column-layout-6 wp-block-column-is-layout-flow\">\n<figure class=\"wp-block-image size-full\"><img src=\"https:\/\/www.cuscotic.com\/beta\/interpressperu\/wp-content\/themes\/astra\/inc\/assets\/images\/starter-content\/graphic.jpg\" alt=\"\" class=\"wp-image-232\" width=\"480\" height=\"600\" loading=\"lazy\" decoding=\"async\"\/><\/figure>\n\n\n\n<h3 class=\"wp-block-heading\" style=\"margin-top:16px\">Interpretaci\u00f3n consecutiva<\/h3>\n\n\n\n<p>Perfecta para reuniones uno a uno, entrevistas o presentaciones m\u00e1s \u00edntimas.<\/p>\n<\/div>\n\n\n\n<div class=\"wp-block-column is-layout-flow wp-container-core-column-layout-7 wp-block-column-is-layout-flow\">\n<figure class=\"wp-block-image size-full\"><img src=\"https:\/\/www.cuscotic.com\/beta\/interpressperu\/wp-content\/themes\/astra\/inc\/assets\/images\/starter-content\/web.jpg\" alt=\"\" class=\"wp-image-231\" width=\"480\" height=\"600\" loading=\"lazy\" decoding=\"async\"\/><\/figure>\n\n\n\n<h3 class=\"wp-block-heading\" style=\"margin-top:16px\">Cobertura nacional<\/h3>\n\n\n\n<p>Operamos en Lima y extendemos nuestros servicios a todas las provincias, adapt\u00e1ndonos a las necesidades espec\u00edficas de cada cliente.<\/p>\n<\/div>\n<\/div>\n<\/div>\n\n\n\n<p><\/p>\n\n\n\n<p><strong>Equipos para traducci\u00f3n como cabinas y equipos port\u00e1tiles<\/strong> para traducci\u00f3n simult\u00e1nea en Lima y todo Per\u00fa.<\/p>\n\n\n\n<p>Ofrecemos <strong>equipos para visitas guiadas<\/strong> en todo Lima y provincias del Per\u00fa.<\/p>\n\n\n\n<div class=\"wp-block-group alignfull has-ast-global-color-4-background-color has-background is-layout-constrained wp-container-core-group-layout-4 wp-block-group-is-layout-constrained\" id=\"reviews\">\n<figure class=\"wp-block-image aligncenter size-full\"><img src=\"https:\/\/www.cuscotic.com\/beta\/interpressperu\/wp-content\/themes\/astra\/inc\/assets\/images\/starter-content\/avatar.png\" alt=\"\" class=\"wp-image-235\" width=\"64\" height=\"64\" loading=\"lazy\" decoding=\"async\"\/><\/figure>\n\n\n\n<p><p class=\"\u201dhas-text-align-center\" has-ast-global-color-2-color=\"\" has-text-color\u201d=\"\" style=\"\u201dfont-size:22px;line-height:1.6\u201d\">\u201dThe best part is that Astra comes with hundreds of professionally designed templates for just about every industry, makes it super easy for non-techy users to build a website.\u201d<\/p><\/p>\n\n\n\n<p class=\"has-text-align-center has-ast-global-color-2-color has-text-color\"><strong>Luis Gonz\u00e1les<\/strong><\/p>\n<\/div>\n\n\n\n<div class=\"wp-block-group alignfull is-layout-constrained wp-container-core-group-layout-5 wp-block-group-is-layout-constrained\" id=\"whyus\" style=\"padding-top:144px;padding-bottom:144px\">\n<h2 class=\"wp-block-heading\">Por qu\u00e9 elegirnos<\/h2>\n\n\n\n<div class=\"wp-block-columns is-layout-flex wp-container-core-columns-layout-3 wp-block-columns-is-layout-flex\" style=\"margin-top:60px\">\n<div class=\"wp-block-column is-layout-flow wp-container-core-column-layout-8 wp-block-column-is-layout-flow\">\n<figure class=\"wp-block-image size-large\"><img src=\"https:\/\/www.cuscotic.com\/beta\/interpressperu\/wp-content\/themes\/astra\/inc\/assets\/images\/starter-content\/passionate.svg\" alt=\"\" class=\"wp-image-162\" width=\"48\" height=\"48\" loading=\"lazy\" decoding=\"async\"\/><\/figure>\n\n\n\n<h3 class=\"wp-block-heading\" style=\"margin-top:16px\">Calidad<\/h3>\n\n\n\n<p>Nuestros profesionales cuentan con amplia experiencia y certificaciones reconocidas en el \u00e1mbito de la interpretaci\u00f3n y traducci\u00f3n.<\/p>\n<\/div>\n\n\n\n<div class=\"wp-block-column is-layout-flow wp-container-core-column-layout-9 wp-block-column-is-layout-flow\">\n<figure class=\"wp-block-image size-large\"><img src=\"https:\/\/www.cuscotic.com\/beta\/interpressperu\/wp-content\/themes\/astra\/inc\/assets\/images\/starter-content\/professional.svg\" alt=\"\" class=\"wp-image-163\" width=\"48\" height=\"48\" loading=\"lazy\" decoding=\"async\"\/><\/figure>\n\n\n\n<h3 class=\"wp-block-heading\" style=\"margin-top:16px\">Tecnolog\u00eda<\/h3>\n\n\n\n<p>Utilizamos equipos modernos y soluciones de \u00faltima generaci\u00f3n en traducci\u00f3n simult\u00e1nea para asegurar una comunicaci\u00f3n clara y sin interrupciones. Alquilamos auriculares &#8211; aud\u00edfonos para traducci\u00f3n en eventos.<\/p>\n<\/div>\n\n\n\n<div class=\"wp-block-column is-layout-flow wp-container-core-column-layout-10 wp-block-column-is-layout-flow\">\n<figure class=\"wp-block-image size-large\"><img src=\"https:\/\/www.cuscotic.com\/beta\/interpressperu\/wp-content\/themes\/astra\/inc\/assets\/images\/starter-content\/support.svg\" alt=\"\" class=\"wp-image-164\" width=\"48\" height=\"48\" loading=\"lazy\" decoding=\"async\"\/><\/figure>\n\n\n\n<h3 class=\"wp-block-heading\" style=\"margin-top:16px\">Flexibilidad<\/h3>\n\n\n\n<p>Dise\u00f1amos nuestros servicios a medida para satisfacer los requerimientos \u00fanicos de cada cliente. Servicio de traducci\u00f3n &#8211; interpretaci\u00f3n profesional en todo Lima y provincias.<\/p>\n<\/div>\n<\/div>\n<\/div>\n\n\n\n<div class=\"wp-block-group alignfull has-background is-layout-constrained wp-container-core-group-layout-6 wp-block-group-is-layout-constrained\" id=\"contact\" style=\"background:linear-gradient(35deg,rgb(6,0,151) 0%,rgb(130,4,255) 64%,rgb(193,15,255) 98%);padding-top:104px;padding-bottom:104px\">\n<h2 class=\"wp-block-heading has-text-align-center has-text-color\" style=\"color:#ffffff\">Solicite una cotizaci\u00f3n YA<\/h2>\n\n\n\n<div class=\"wp-block-buttons alignwide is-horizontal is-content-justification-center is-layout-flex wp-container-core-buttons-layout-2 wp-block-buttons-is-layout-flex\" style=\"margin-top:50px\">\n<div class=\"wp-block-button\"><a class=\"wp-block-button__link wp-element-button\">Cont\u00e1ctenos por Whatsapp<\/a><\/div>\n<\/div>\n<\/div>\n","protected":false},"excerpt":{"rendered":"<p>What We Offer Negocio formal Personal calificado y certificado. Estamos online Cotizaciones a medida en l\u00ednea. Eficiencia Trabajo certificado por [&hellip;]<\/p>\n","protected":false},"author":1,"featured_media":0,"parent":0,"menu_order":0,"comment_status":"closed","ping_status":"closed","template":"","meta":{"site-sidebar-layout":"no-sidebar","site-content-layout":"plain-container","ast-site-content-layout":"default","site-content-style":"default","site-sidebar-style":"default","ast-global-header-display":"","ast-banner-title-visibility":"","ast-main-header-display":"","ast-hfb-above-header-display":"","ast-hfb-below-header-display":"","ast-hfb-mobile-header-display":"","site-post-title":"disabled","ast-breadcrumbs-content":"","ast-featured-img":"","footer-sml-layout":"","ast-disable-related-posts":"","theme-transparent-header-meta":"enabled","adv-header-id-meta":"","stick-header-meta":"","header-above-stick-meta":"","header-main-stick-meta":"","header-below-stick-meta":"","astra-migrate-meta-layouts":"default","ast-page-background-enabled":"default","ast-page-background-meta":{"desktop":{"background-color":"var(--ast-global-color-5)","background-image":"","background-repeat":"repeat","background-position":"center center","background-size":"auto","background-attachment":"scroll","background-type":"","background-media":"","overlay-type":"","overlay-color":"","overlay-opacity":"","overlay-gradient":""},"tablet":{"background-color":"","background-image":"","background-repeat":"repeat","background-position":"center center","background-size":"auto","background-attachment":"scroll","background-type":"","background-media":"","overlay-type":"","overlay-color":"","overlay-opacity":"","overlay-gradient":""},"mobile":{"background-color":"","background-image":"","background-repeat":"repeat","background-position":"center center","background-size":"auto","background-attachment":"scroll","background-type":"","background-media":"","overlay-type":"","overlay-color":"","overlay-opacity":"","overlay-gradient":""}},"ast-content-background-meta":{"desktop":{"background-color":"var(--ast-global-color-4)","background-image":"","background-repeat":"repeat","background-position":"center center","background-size":"auto","background-attachment":"scroll","background-type":"","background-media":"","overlay-type":"","overlay-color":"","overlay-opacity":"","overlay-gradient":""},"tablet":{"background-color":"var(--ast-global-color-4)","background-image":"","background-repeat":"repeat","background-position":"center center","background-size":"auto","background-attachment":"scroll","background-type":"","background-media":"","overlay-type":"","overlay-color":"","overlay-opacity":"","overlay-gradient":""},"mobile":{"background-color":"var(--ast-global-color-4)","background-image":"","background-repeat":"repeat","background-position":"center center","background-size":"auto","background-attachment":"scroll","background-type":"","background-media":"","overlay-type":"","overlay-color":"","overlay-opacity":"","overlay-gradient":""}},"footnotes":""},"_links":{"self":[{"href":"https:\/\/www.cuscotic.com\/beta\/interpressperu\/wp-json\/wp\/v2\/pages\/7"}],"collection":[{"href":"https:\/\/www.cuscotic.com\/beta\/interpressperu\/wp-json\/wp\/v2\/pages"}],"about":[{"href":"https:\/\/www.cuscotic.com\/beta\/interpressperu\/wp-json\/wp\/v2\/types\/page"}],"author":[{"embeddable":true,"href":"https:\/\/www.cuscotic.com\/beta\/interpressperu\/wp-json\/wp\/v2\/users\/1"}],"replies":[{"embeddable":true,"href":"https:\/\/www.cuscotic.com\/beta\/interpressperu\/wp-json\/wp\/v2\/comments?post=7"}],"version-history":[{"count":20,"href":"https:\/\/www.cuscotic.com\/beta\/interpressperu\/wp-json\/wp\/v2\/pages\/7\/revisions"}],"predecessor-version":[{"id":41,"href":"https:\/\/www.cuscotic.com\/beta\/interpressperu\/wp-json\/wp\/v2\/pages\/7\/revisions\/41"}],"wp:attachment":[{"href":"https:\/\/www.cuscotic.com\/beta\/interpressperu\/wp-json\/wp\/v2\/media?parent=7"}],"curies":[{"name":"wp","href":"https:\/\/api.w.org\/{rel}","templated":true}]}}